{"id":917,"date":"2017-09-27T15:33:22","date_gmt":"2017-09-27T08:33:22","guid":{"rendered":"http:\/\/thu.hunghaweb.com\/?post_type=product&#038;p=917"},"modified":"2018-07-18T21:31:16","modified_gmt":"2018-07-18T14:31:16","slug":"ray-tron-co-de","status":"publish","type":"product","link":"http:\/\/www.thucnclaser.com\/?product=ray-tron-co-de","title":{"rendered":"Ray tr\u00f2n c\u00f3 \u0111\u1ebf"},"content":{"rendered":"<p><img decoding=\"async\" loading=\"lazy\" class=\"alignnone size-full wp-image-2063\" src=\"http:\/\/thucnclaser.com\/wp-content\/uploads\/2017\/09\/Ray-tron-20-5.jpg\" alt=\"\" width=\"1024\" height=\"768\" srcset=\"http:\/\/www.thucnclaser.com\/wp-content\/uploads\/2017\/09\/Ray-tron-20-5.jpg 1024w, http:\/\/www.thucnclaser.com\/wp-content\/uploads\/2017\/09\/Ray-tron-20-5-600x450.jpg 600w, http:\/\/www.thucnclaser.com\/wp-content\/uploads\/2017\/09\/Ray-tron-20-5-768x576.jpg 768w\" sizes=\"(max-width: 1024px) 100vw, 1024px\" \/> <img decoding=\"async\" loading=\"lazy\" class=\"alignnone size-medium wp-image-2064\" src=\"http:\/\/thucnclaser.com\/wp-content\/uploads\/2017\/09\/Ray-tron-20-10.jpg\" alt=\"\" width=\"768\" height=\"1405\" srcset=\"http:\/\/www.thucnclaser.com\/wp-content\/uploads\/2017\/09\/Ray-tron-20-10.jpg 768w, http:\/\/www.thucnclaser.com\/wp-content\/uploads\/2017\/09\/Ray-tron-20-10-600x1098.jpg 600w\" sizes=\"(max-width: 768px) 100vw, 768px\" \/> <img decoding=\"async\" loading=\"lazy\" class=\"alignnone size-medium wp-image-2065\" src=\"http:\/\/thucnclaser.com\/wp-content\/uploads\/2017\/09\/Ray-truot-co-de-20-1.jpg\" alt=\"\" width=\"3264\" height=\"2448\" srcset=\"http:\/\/www.thucnclaser.com\/wp-content\/uploads\/2017\/09\/Ray-truot-co-de-20-1.jpg 3264w, http:\/\/www.thucnclaser.com\/wp-content\/uploads\/2017\/09\/Ray-truot-co-de-20-1-600x450.jpg 600w, http:\/\/www.thucnclaser.com\/wp-content\/uploads\/2017\/09\/Ray-truot-co-de-20-1-768x576.jpg 768w\" sizes=\"(max-width: 3264px) 100vw, 3264px\" \/><img decoding=\"async\" loading=\"lazy\" class=\"alignnone size-full wp-image-1900\" src=\"http:\/\/thucnclaser.com\/wp-content\/uploads\/2017\/09\/Ray-truot-tron-co-de.jpg\" alt=\"\" width=\"1440\" height=\"1920\" \/> <img decoding=\"async\" loading=\"lazy\" class=\"alignnone size-medium wp-image-1901\" src=\"http:\/\/thucnclaser.com\/wp-content\/uploads\/2017\/09\/Ray-tron.jpg\" alt=\"\" width=\"3264\" height=\"2448\" \/><\/p>\n","protected":false},"excerpt":{"rendered":"<div><\/div>\n<div><span class=\"extra_fields_name\">Xu\u1ea5t X\u1ee9<\/span>:\u00a0<span class=\"extra_fields_value\">Ch\u00ednh h\u00e3ng<\/span><\/div>\n<div><\/div>\n<div><span class=\"extra_fields_name\">M\u00e0u S\u1eafc<\/span>:\u00a0<span class=\"extra_fields_value\">Nh\u01b0 h\u00ecnh<\/span><\/div>\n","protected":false},"featured_media":2063,"comment_status":"closed","ping_status":"closed","template":"","meta":[],"product_cat":[39],"product_tag":[],"_links":{"self":[{"href":"http:\/\/www.thucnclaser.com\/index.php?rest_route=\/wp\/v2\/product\/917"}],"collection":[{"href":"http:\/\/www.thucnclaser.com\/index.php?rest_route=\/wp\/v2\/product"}],"about":[{"href":"http:\/\/www.thucnclaser.com\/index.php?rest_route=\/wp\/v2\/types\/product"}],"replies":[{"embeddable":true,"href":"http:\/\/www.thucnclaser.com\/index.php?rest_route=%2Fwp%2Fv2%2Fcomments&post=917"}],"wp:featuredmedia":[{"embeddable":true,"href":"http:\/\/www.thucnclaser.com\/index.php?rest_route=\/wp\/v2\/media\/2063"}],"wp:attachment":[{"href":"http:\/\/www.thucnclaser.com\/index.php?rest_route=%2Fwp%2Fv2%2Fmedia&parent=917"}],"wp:term":[{"taxonomy":"product_cat","embeddable":true,"href":"http:\/\/www.thucnclaser.com\/index.php?rest_route=%2Fwp%2Fv2%2Fproduct_cat&post=917"},{"taxonomy":"product_tag","embeddable":true,"href":"http:\/\/www.thucnclaser.com\/index.php?rest_route=%2Fwp%2Fv2%2Fproduct_tag&post=917"}],"curies":[{"name":"wp","href":"https:\/\/api.w.org\/{rel}","templated":true}]}}