{"id":861,"date":"2017-09-26T17:23:56","date_gmt":"2017-09-26T10:23:56","guid":{"rendered":"http:\/\/thu.hunghaweb.com\/?post_type=product&#038;p=861"},"modified":"2018-07-18T21:31:17","modified_gmt":"2018-07-18T14:31:17","slug":"ht-xeon-corellaser","status":"publish","type":"product","link":"http:\/\/www.thucnclaser.com\/?product=ht-xeon-corellaser","title":{"rendered":"HT-XEON-corellaser"},"content":{"rendered":"<h1>HT-XEON-corellaser<\/h1>\n<p>HT-XEON-corellaser\u00a0 l\u00e0 lo\u1ea1i board \u0111i\u1ec3u khi\u1ec3n m\u00e1y c\u1eaft laser \u0111a n\u0103ng ,<\/p>\n<p>s\u1eed d\u1ee5ng dirver r\u1eddi b\u00ean ngo\u00e0i , c\u00f3 th\u1ec3 n\u00e2ng c\u00f4ng su\u1ea5t cho moto ,s\u1eed d\u1ee5ng cho m\u00e1y kh\u1ed5 to nh\u1ecf t\u00f9y \u00fd<\/p>\n<p>vi\u1ec7c s\u1eed d\u1ee5ng d\u1ec5 d\u00e0ng<\/p>\n<p>ph\u1ea7n m\u1ec1m ch\u1ea1y tr\u1ef1c ti\u1ebfm tr\u00ean CorelDRAW ti\u1ec7n l\u1ee3i<\/p>\n<p>&#8211; ng\u00f5\u00a0 XY\u00a0 limit XY\u00a0 v\u00e0 on \/off laser<\/p>\n<p>Li\u00ean h\u1ec7 Th\u01b0 h\u1ed7 tr\u1ee3 k\u1ef9 thu\u1eadt\u00a0 0909112460<\/p>\n<p><img decoding=\"async\" loading=\"lazy\" class=\"alignnone size-full wp-image-2316\" src=\"http:\/\/thucnclaser.com\/wp-content\/uploads\/2017\/09\/HT-XEON-laser.jpg\" alt=\"\" width=\"1280\" height=\"720\" srcset=\"http:\/\/www.thucnclaser.com\/wp-content\/uploads\/2017\/09\/HT-XEON-laser.jpg 1280w, http:\/\/www.thucnclaser.com\/wp-content\/uploads\/2017\/09\/HT-XEON-laser-768x432.jpg 768w, http:\/\/www.thucnclaser.com\/wp-content\/uploads\/2017\/09\/HT-XEON-laser-600x338.jpg 600w\" sizes=\"(max-width: 1280px) 100vw, 1280px\" \/> <img decoding=\"async\" loading=\"lazy\" class=\"alignnone size-full wp-image-2315\" src=\"http:\/\/thucnclaser.com\/wp-content\/uploads\/2017\/09\/HT-XEON-laser-diy.jpg\" alt=\"\" width=\"1280\" height=\"720\" srcset=\"http:\/\/www.thucnclaser.com\/wp-content\/uploads\/2017\/09\/HT-XEON-laser-diy.jpg 1280w, http:\/\/www.thucnclaser.com\/wp-content\/uploads\/2017\/09\/HT-XEON-laser-diy-768x432.jpg 768w, http:\/\/www.thucnclaser.com\/wp-content\/uploads\/2017\/09\/HT-XEON-laser-diy-600x338.jpg 600w\" sizes=\"(max-width: 1280px) 100vw, 1280px\" \/> <img decoding=\"async\" loading=\"lazy\" class=\"alignnone size-full wp-image-2314\" src=\"http:\/\/thucnclaser.com\/wp-content\/uploads\/2017\/09\/HT-XEON-laser-controller.jpg\" alt=\"\" width=\"1280\" height=\"720\" srcset=\"http:\/\/www.thucnclaser.com\/wp-content\/uploads\/2017\/09\/HT-XEON-laser-controller.jpg 1280w, http:\/\/www.thucnclaser.com\/wp-content\/uploads\/2017\/09\/HT-XEON-laser-controller-768x432.jpg 768w, http:\/\/www.thucnclaser.com\/wp-content\/uploads\/2017\/09\/HT-XEON-laser-controller-600x338.jpg 600w\" sizes=\"(max-width: 1280px) 100vw, 1280px\" \/> <img decoding=\"async\" loading=\"lazy\" class=\"alignnone size-full wp-image-2313\" src=\"http:\/\/thucnclaser.com\/wp-content\/uploads\/2017\/09\/HT-XEON-laser-co2.jpg\" alt=\"\" width=\"1280\" height=\"720\" srcset=\"http:\/\/www.thucnclaser.com\/wp-content\/uploads\/2017\/09\/HT-XEON-laser-co2.jpg 1280w, http:\/\/www.thucnclaser.com\/wp-content\/uploads\/2017\/09\/HT-XEON-laser-co2-768x432.jpg 768w, http:\/\/www.thucnclaser.com\/wp-content\/uploads\/2017\/09\/HT-XEON-laser-co2-600x338.jpg 600w\" sizes=\"(max-width: 1280px) 100vw, 1280px\" \/> <img decoding=\"async\" loading=\"lazy\" class=\"alignnone size-full wp-image-2312\" src=\"http:\/\/thucnclaser.com\/wp-content\/uploads\/2017\/09\/HT-XEON-laser-cnc.jpg\" alt=\"\" width=\"1280\" height=\"720\" srcset=\"http:\/\/www.thucnclaser.com\/wp-content\/uploads\/2017\/09\/HT-XEON-laser-cnc.jpg 1280w, http:\/\/www.thucnclaser.com\/wp-content\/uploads\/2017\/09\/HT-XEON-laser-cnc-768x432.jpg 768w, http:\/\/www.thucnclaser.com\/wp-content\/uploads\/2017\/09\/HT-XEON-laser-cnc-600x338.jpg 600w\" sizes=\"(max-width: 1280px) 100vw, 1280px\" \/> <img decoding=\"async\" loading=\"lazy\" class=\"alignnone size-full wp-image-2311\" src=\"http:\/\/thucnclaser.com\/wp-content\/uploads\/2017\/09\/HT-XEON-corellaser.jpg\" alt=\"\" width=\"1280\" height=\"720\" srcset=\"http:\/\/www.thucnclaser.com\/wp-content\/uploads\/2017\/09\/HT-XEON-corellaser.jpg 1280w, http:\/\/www.thucnclaser.com\/wp-content\/uploads\/2017\/09\/HT-XEON-corellaser-768x432.jpg 768w, http:\/\/www.thucnclaser.com\/wp-content\/uploads\/2017\/09\/HT-XEON-corellaser-600x338.jpg 600w\" sizes=\"(max-width: 1280px) 100vw, 1280px\" \/><\/p>\n<p>&nbsp;<\/p>\n<p>&nbsp;<\/p>\n<p><img decoding=\"async\" src=\"http:\/\/onlyshop.vn\/images\/ImageProductDetail\/NHACUA-DS\/DAO-ATM-3.jpg\" alt=\"\" \/><\/p>\n<p><img decoding=\"async\" src=\"http:\/\/onlyshop.vn\/images\/SAN-PHAM\/HOME-LIFE\/DS-DAO-ATM-3.jpg\" alt=\"\" \/><\/p>\n<p>&nbsp;<\/p>\n","protected":false},"excerpt":{"rendered":"<p>H\u00e0ng ch\u00ednh h\u00e3ng<\/p>\n<p>M\u00e0u\u00a0 \u0111\u1ecf<\/p>\n<p>Xem th\u00eam t\u1ea1i :<a href=\"http:\/\/www.laservnn.com\/\" target=\"_blank\" rel=\"noopener\">http:\/\/www.laservnn.com\/<\/a><\/p>\n","protected":false},"featured_media":2316,"comment_status":"closed","ping_status":"closed","template":"","meta":[],"product_cat":[58,38],"product_tag":[],"_links":{"self":[{"href":"http:\/\/www.thucnclaser.com\/index.php?rest_route=\/wp\/v2\/product\/861"}],"collection":[{"href":"http:\/\/www.thucnclaser.com\/index.php?rest_route=\/wp\/v2\/product"}],"about":[{"href":"http:\/\/www.thucnclaser.com\/index.php?rest_route=\/wp\/v2\/types\/product"}],"replies":[{"embeddable":true,"href":"http:\/\/www.thucnclaser.com\/index.php?rest_route=%2Fwp%2Fv2%2Fcomments&post=861"}],"wp:featuredmedia":[{"embeddable":true,"href":"http:\/\/www.thucnclaser.com\/index.php?rest_route=\/wp\/v2\/media\/2316"}],"wp:attachment":[{"href":"http:\/\/www.thucnclaser.com\/index.php?rest_route=%2Fwp%2Fv2%2Fmedia&parent=861"}],"wp:term":[{"taxonomy":"product_cat","embeddable":true,"href":"http:\/\/www.thucnclaser.com\/index.php?rest_route=%2Fwp%2Fv2%2Fproduct_cat&post=861"},{"taxonomy":"product_tag","embeddable":true,"href":"http:\/\/www.thucnclaser.com\/index.php?rest_route=%2Fwp%2Fv2%2Fproduct_tag&post=861"}],"curies":[{"name":"wp","href":"https:\/\/api.w.org\/{rel}","templated":true}]}}