{"id":2684,"date":"2019-09-02T18:19:14","date_gmt":"2019-09-02T11:19:14","guid":{"rendered":"http:\/\/www.thucnclaser.com\/?post_type=product&#038;p=2684"},"modified":"2023-03-22T22:50:20","modified_gmt":"2023-03-22T15:50:20","slug":"bo-dieu-khien-chieu-cao-dau-cat-plasma-f1620","status":"publish","type":"product","link":"http:\/\/www.thucnclaser.com\/?product=bo-dieu-khien-chieu-cao-dau-cat-plasma-f1620","title":{"rendered":"B\u1ed8 \u0110I\u1ec0U KHI\u1ec2N CHI\u1ec0U CAO \u0110\u1ea6U C\u1eaeT PLASMA  F1620"},"content":{"rendered":"<h2>B\u1ed9 \u0111i\u1ec1u khi\u1ec3n\u00a0chi\u1ec1u cao \u0111\u1ea7u c\u1eaft Plasma THC F1620,\u00a0hay c\u00f2n g\u1ecdi l\u00e0\u00a0h\u1ec7 th\u1ed1ng \u0111i\u1ec1u khi\u1ec3n \u0111\u1ed9 cao \u0111\u1ea7u c\u1eaft t\u1ef1 \u0111\u1ed9ng<\/h2>\n<p>&#8211; M\u00f4i\u00a0 tr\u01b0\u1eddng l\u00e0m vi\u1ec7c: Nhi\u1ec7t \u0111\u1ed9 0\u00a0\u2103\u00a0\u0111\u1ebfn + 55\u00a0\u2103, \u0111\u1ed9 \u1ea9m 5% \u0111\u1ebfn 90% \u00a0kh\u00f4ng ng\u01b0ng t\u1ee5;<\/p>\n<p>&#8211; H\u1ec7 th\u1ed1ng \u0111i\u1ec7n \u00e1p: DC 24V, C\u01b0\u1eddng \u0111\u1ed9 d\u00f2ng \u0111i\u1ec7n: 5A;<\/p>\n<p>&#8211; N\u00e2ng h\u1ea1 \u0111i\u1ec1u khi\u1ec3n t\u1ed1c \u0111\u1ed9 \u0111\u1ed9ng c\u01a1: \u0111i\u1ec1u khi\u1ec3n PWM \u00a0li\u00ean t\u1ee5c, t\u1ef7 l\u1ec7 100%;<\/p>\n<p>&#8211; Thi\u1ebft b\u1ecb s\u1eed d\u1ee5ng m\u1ed9t \u0111\u00e8n LED s\u00e1ng v\u00e0 \u0111\u00e8n LED nh\u01b0 \u0111i\u1ec7n \u00e1p h\u1ed3 quang v\u00e0 ch\u1ec9 d\u1eabn t\u00edn hi\u1ec7u<\/p>\n<p>&#8211; Thi\u1ebft b\u1ecb n\u00e0y s\u1eed d\u1ee5ng c\u00e1c ph\u00edm s\u1ed1 v\u00e0 c\u00e1c n\u00fat b\u1ea5m \u0111\u1ec3 \u0111i\u1ec1u ch\u1ec9nh c\u00e1c th\u00f4ng s\u1ed1 v\u00e0 ho\u1ea1t \u0111\u1ed9ng, d\u1ec5 d\u00e0ng \u0111\u1ec3 s\u1eed d\u1ee5ng.<\/p>\n<p>&#8211; Thi\u1ebft b\u1ecb s\u1eed d\u1ee5ng 60 \u0111\u1ed9 c\u00e0i \u0111\u1eb7t b\u1ea3ng \u0111i\u1ec1u khi\u1ec3n c\u00f4n, th\u00edch h\u1ee3p cho m\u00e1y t\u00ednh ho\u1ea1t \u0111\u1ed9ng m\u00e1y c\u1eaft CNC<\/p>\n<p>&#8211; Vi\u1ec7c\u00a0c\u00e0i \u0111\u1eb7t th\u00f4ng s\u1ed1 \u0111\u01a1n gi\u1ea3n, linh ho\u1ea1t trong vi\u1ec7c thay \u0111\u1ed5i c\u00e1c th\u00f4ng s\u1ed1 v\u1eadn h\u00e0nh<\/p>\n<p>V\u00ec v\u1eadt li\u1ec7u c\u1eaft (t\u1ea5m kim lo\u1ea1i) l\u00e0 kh\u00f4ng bao gi\u1edd b\u1eb1ng ph\u1eb3ng, m\u00e0 s\u1ebd c\u00f3 \u0111\u1ed9 cong v\u00eanh nh\u1ea5t \u0111\u1ecbnh. Nhi\u1ec7m v\u1ee5 c\u1ee7a b\u1ed9 THC n\u00e0y l\u00e0 \u0111\u1ec3 \u0111i\u1ec1u khi\u1ec3n \u0111\u1ea7u c\u1eaft l\u00ean \/ xu\u1ed1ng m\u1ed9t c\u00e1ch t\u1ef1 \u0111\u1ed9ng theo \u0111\u1ed9 cong, v\u00eanh c\u1ee7a v\u1eadt li\u1ec7u trong su\u1ed1t qu\u00e1 tr\u00ecnh c\u1eaft. \u0110\u1ec3 \u0111\u1ea3m b\u1ea3o kho\u1ea3ng c\u00e1ch t\u1eeb \u0111\u1ea7u c\u1eaft \u0111\u1ebfn b\u1ec1 m\u1eb7t v\u1eadt li\u1ec7u lu\u00f4n \u1ed5n \u0111\u1ecbnh. N\u00ean \u0111\u1ea3m b\u1ea3o \u0111\u01b0\u1eddng c\u1eaft s\u1ebd lu\u00f4n \u0111\u1ec1u v\u00e0 \u0111\u1eb9p. N\u1ebfu kh\u00f4ng c\u00f3 b\u1ed9 ph\u1eadn n\u00e0y kh\u00f4ng nh\u1eefng \u0111\u01b0\u1eddng c\u1eaft x\u1ea5u v\u00e0 kh\u00f4ng \u0111\u1ec1u m\u00e0 c\u00f2n l\u00e0m b\u00e9c c\u1eaft mau h\u1ecfng (do \u0111\u1ed9 cao \u0111\u1ea7u c\u1eaft kh\u00f4ng \u1ed5n \u0111\u1ecbnh theo y\u00eau c\u1ea7u c\u1ee7a nh\u00e0 s\u1ea3n xu\u1ea5t b\u1ed9 ngu\u1ed3n Plasma) d\u1eabn \u0111\u1ebfn chi ph\u00ed cho m\u1ed7i m\u00e9t c\u1eaft s\u1ebd t\u0103ng l\u00ean. N\u1ebfu t\u1ea5m kim lo\u1ea1i b\u1ecb cong, v\u00eanh nhi\u1ec1u th\u1eadm ch\u00ed c\u00f2n l\u00e0m h\u01b0 \u0111\u1ea7u c\u1eaft Plasma. Do \u0111\u00f3\u00a0m\u00e1y c\u1eaft Plasma cnc\u00a0c\u1ea7n ph\u1ea3i l\u1eafp b\u1ed9 \u0111i\u1ec1u khi\u1ec3n chi\u1ec1u cao \u0111\u1ea7u c\u1eaft Plasma<\/p>\n<p><img decoding=\"async\" loading=\"lazy\" class=\"alignnone size-full wp-image-2685\" src=\"http:\/\/www.thucnclaser.com\/wp-content\/uploads\/2019\/09\/B\u1ed8-\u0110I\u1ec0U-KHI\u1ec2N-\u0110\u1ea6U-C\u1eaeT-PLASMA-THC-F1620.jpg\" alt=\"\" width=\"1280\" height=\"960\" srcset=\"http:\/\/www.thucnclaser.com\/wp-content\/uploads\/2019\/09\/B\u1ed8-\u0110I\u1ec0U-KHI\u1ec2N-\u0110\u1ea6U-C\u1eaeT-PLASMA-THC-F1620.jpg 1280w, http:\/\/www.thucnclaser.com\/wp-content\/uploads\/2019\/09\/B\u1ed8-\u0110I\u1ec0U-KHI\u1ec2N-\u0110\u1ea6U-C\u1eaeT-PLASMA-THC-F1620-768x576.jpg 768w, http:\/\/www.thucnclaser.com\/wp-content\/uploads\/2019\/09\/B\u1ed8-\u0110I\u1ec0U-KHI\u1ec2N-\u0110\u1ea6U-C\u1eaeT-PLASMA-THC-F1620-600x450.jpg 600w\" sizes=\"(max-width: 1280px) 100vw, 1280px\" \/> <img decoding=\"async\" loading=\"lazy\" class=\"alignnone size-medium wp-image-2686\" src=\"http:\/\/www.thucnclaser.com\/wp-content\/uploads\/2019\/09\/B\u1ed8-\u0110I\u1ec0U-KHI\u1ec2N-CHI\u1ec0U-CAO-PLASMA-THC-F1620.jpg\" alt=\"\" width=\"1280\" height=\"960\" srcset=\"http:\/\/www.thucnclaser.com\/wp-content\/uploads\/2019\/09\/B\u1ed8-\u0110I\u1ec0U-KHI\u1ec2N-CHI\u1ec0U-CAO-PLASMA-THC-F1620.jpg 1280w, http:\/\/www.thucnclaser.com\/wp-content\/uploads\/2019\/09\/B\u1ed8-\u0110I\u1ec0U-KHI\u1ec2N-CHI\u1ec0U-CAO-PLASMA-THC-F1620-768x576.jpg 768w, http:\/\/www.thucnclaser.com\/wp-content\/uploads\/2019\/09\/B\u1ed8-\u0110I\u1ec0U-KHI\u1ec2N-CHI\u1ec0U-CAO-PLASMA-THC-F1620-600x450.jpg 600w\" sizes=\"(max-width: 1280px) 100vw, 1280px\" \/> <img decoding=\"async\" loading=\"lazy\" class=\"alignnone size-medium wp-image-2687\" src=\"http:\/\/www.thucnclaser.com\/wp-content\/uploads\/2019\/09\/B\u1ed8-\u0110I\u1ec0U-KHI\u1ec2N-CHI\u1ec0U-CAO-C\u1eaeT-PLASMA-THC-F1620.jpg\" alt=\"\" width=\"1280\" height=\"960\" srcset=\"http:\/\/www.thucnclaser.com\/wp-content\/uploads\/2019\/09\/B\u1ed8-\u0110I\u1ec0U-KHI\u1ec2N-CHI\u1ec0U-CAO-C\u1eaeT-PLASMA-THC-F1620.jpg 1280w, http:\/\/www.thucnclaser.com\/wp-content\/uploads\/2019\/09\/B\u1ed8-\u0110I\u1ec0U-KHI\u1ec2N-CHI\u1ec0U-CAO-C\u1eaeT-PLASMA-THC-F1620-768x576.jpg 768w, http:\/\/www.thucnclaser.com\/wp-content\/uploads\/2019\/09\/B\u1ed8-\u0110I\u1ec0U-KHI\u1ec2N-CHI\u1ec0U-CAO-C\u1eaeT-PLASMA-THC-F1620-600x450.jpg 600w\" sizes=\"(max-width: 1280px) 100vw, 1280px\" \/> <img decoding=\"async\" loading=\"lazy\" class=\"alignnone size-medium wp-image-2688\" src=\"http:\/\/www.thucnclaser.com\/wp-content\/uploads\/2019\/09\/B\u1ed8-\u0110I\u1ec0U-KHI\u1ec2N-CHI\u1ec0U-CAO-\u0110\u1ea6U-C\u1eaeT-PLASMA-F1620.jpg\" alt=\"\" width=\"1280\" height=\"960\" srcset=\"http:\/\/www.thucnclaser.com\/wp-content\/uploads\/2019\/09\/B\u1ed8-\u0110I\u1ec0U-KHI\u1ec2N-CHI\u1ec0U-CAO-\u0110\u1ea6U-C\u1eaeT-PLASMA-F1620.jpg 1280w, http:\/\/www.thucnclaser.com\/wp-content\/uploads\/2019\/09\/B\u1ed8-\u0110I\u1ec0U-KHI\u1ec2N-CHI\u1ec0U-CAO-\u0110\u1ea6U-C\u1eaeT-PLASMA-F1620-768x576.jpg 768w, http:\/\/www.thucnclaser.com\/wp-content\/uploads\/2019\/09\/B\u1ed8-\u0110I\u1ec0U-KHI\u1ec2N-CHI\u1ec0U-CAO-\u0110\u1ea6U-C\u1eaeT-PLASMA-F1620-600x450.jpg 600w\" sizes=\"(max-width: 1280px) 100vw, 1280px\" \/> <img decoding=\"async\" loading=\"lazy\" class=\"alignnone size-medium wp-image-2689\" src=\"http:\/\/www.thucnclaser.com\/wp-content\/uploads\/2019\/09\/B\u1ed8-\u0110I\u1ec0U-KHI\u1ec2N-CHI\u1ec0U-CAO-\u0110\u1ea6U-C\u1eaeT-PLASMA-THC-F1620.jpg\" alt=\"\" width=\"1280\" height=\"960\" srcset=\"http:\/\/www.thucnclaser.com\/wp-content\/uploads\/2019\/09\/B\u1ed8-\u0110I\u1ec0U-KHI\u1ec2N-CHI\u1ec0U-CAO-\u0110\u1ea6U-C\u1eaeT-PLASMA-THC-F1620.jpg 1280w, http:\/\/www.thucnclaser.com\/wp-content\/uploads\/2019\/09\/B\u1ed8-\u0110I\u1ec0U-KHI\u1ec2N-CHI\u1ec0U-CAO-\u0110\u1ea6U-C\u1eaeT-PLASMA-THC-F1620-768x576.jpg 768w, http:\/\/www.thucnclaser.com\/wp-content\/uploads\/2019\/09\/B\u1ed8-\u0110I\u1ec0U-KHI\u1ec2N-CHI\u1ec0U-CAO-\u0110\u1ea6U-C\u1eaeT-PLASMA-THC-F1620-600x450.jpg 600w\" sizes=\"(max-width: 1280px) 100vw, 1280px\" \/> <img decoding=\"async\" loading=\"lazy\" class=\"alignnone size-medium wp-image-2690\" src=\"http:\/\/www.thucnclaser.com\/wp-content\/uploads\/2019\/09\/\u0110I\u1ec0U-KHI\u1ec2N-CHI\u1ec0U-CAO-\u0110\u1ea6U-C\u1eaeT-PLASMA-THC-F1620.jpg\" alt=\"\" width=\"1280\" height=\"960\" srcset=\"http:\/\/www.thucnclaser.com\/wp-content\/uploads\/2019\/09\/\u0110I\u1ec0U-KHI\u1ec2N-CHI\u1ec0U-CAO-\u0110\u1ea6U-C\u1eaeT-PLASMA-THC-F1620.jpg 1280w, http:\/\/www.thucnclaser.com\/wp-content\/uploads\/2019\/09\/\u0110I\u1ec0U-KHI\u1ec2N-CHI\u1ec0U-CAO-\u0110\u1ea6U-C\u1eaeT-PLASMA-THC-F1620-768x576.jpg 768w, http:\/\/www.thucnclaser.com\/wp-content\/uploads\/2019\/09\/\u0110I\u1ec0U-KHI\u1ec2N-CHI\u1ec0U-CAO-\u0110\u1ea6U-C\u1eaeT-PLASMA-THC-F1620-600x450.jpg 600w\" sizes=\"(max-width: 1280px) 100vw, 1280px\" \/><\/p>\n","protected":false},"excerpt":{"rendered":"<p>B\u1ed9 \u0111i\u1ec1u khi\u1ec3n\u00a0chi\u1ec1u cao \u0111\u1ea7u c\u1eaft Plasma THC F1620,\u00a0hay c\u00f2n g\u1ecdi l\u00e0\u00a0h\u1ec7 th\u1ed1ng \u0111i\u1ec1u khi\u1ec3n \u0111\u1ed9 cao \u0111\u1ea7u c\u1eaft t\u1ef1 \u0111\u1ed9ng &#8211; M\u00f4i\u00a0 tr\u01b0\u1eddng l\u00e0m vi\u1ec7c: Nhi\u1ec7t \u0111\u1ed9 0\u00a0\u2103\u00a0\u0111\u1ebfn + 55\u00a0\u2103, \u0111\u1ed9 \u1ea9m 5% \u0111\u1ebfn 90% \u00a0kh\u00f4ng ng\u01b0ng t\u1ee5; &#8211; H\u1ec7 th\u1ed1ng \u0111i\u1ec7n \u00e1p: DC 24V, C\u01b0\u1eddng \u0111\u1ed9 d\u00f2ng \u0111i\u1ec7n: 5A; &#8211; N\u00e2ng h\u1ea1 \u0111i\u1ec1u [&#8230;]\n","protected":false},"featured_media":2688,"comment_status":"open","ping_status":"closed","template":"","meta":[],"product_cat":[70],"product_tag":[],"_links":{"self":[{"href":"http:\/\/www.thucnclaser.com\/index.php?rest_route=\/wp\/v2\/product\/2684"}],"collection":[{"href":"http:\/\/www.thucnclaser.com\/index.php?rest_route=\/wp\/v2\/product"}],"about":[{"href":"http:\/\/www.thucnclaser.com\/index.php?rest_route=\/wp\/v2\/types\/product"}],"replies":[{"embeddable":true,"href":"http:\/\/www.thucnclaser.com\/index.php?rest_route=%2Fwp%2Fv2%2Fcomments&post=2684"}],"wp:featuredmedia":[{"embeddable":true,"href":"http:\/\/www.thucnclaser.com\/index.php?rest_route=\/wp\/v2\/media\/2688"}],"wp:attachment":[{"href":"http:\/\/www.thucnclaser.com\/index.php?rest_route=%2Fwp%2Fv2%2Fmedia&parent=2684"}],"wp:term":[{"taxonomy":"product_cat","embeddable":true,"href":"http:\/\/www.thucnclaser.com\/index.php?rest_route=%2Fwp%2Fv2%2Fproduct_cat&post=2684"},{"taxonomy":"product_tag","embeddable":true,"href":"http:\/\/www.thucnclaser.com\/index.php?rest_route=%2Fwp%2Fv2%2Fproduct_tag&post=2684"}],"curies":[{"name":"wp","href":"https:\/\/api.w.org\/{rel}","templated":true}]}}