{"id":1074,"date":"2017-09-29T15:25:04","date_gmt":"2017-09-29T08:25:04","guid":{"rendered":"http:\/\/thu.hunghaweb.com\/?post_type=product&#038;p=1074"},"modified":"2018-07-18T21:31:16","modified_gmt":"2018-07-18T14:31:16","slug":"thau-kinh-hoi-tu-laser","status":"publish","type":"product","link":"http:\/\/www.thucnclaser.com\/?product=thau-kinh-hoi-tu-laser","title":{"rendered":"Th\u1ea5u k\u00ednh h\u1ed9i t\u1ee5 Laser"},"content":{"rendered":"<h1><img decoding=\"async\" loading=\"lazy\" class=\"alignnone size-full wp-image-2076\" src=\"http:\/\/thucnclaser.com\/wp-content\/uploads\/2017\/09\/kinh-hoi-ttu.jpg\" alt=\"\" width=\"960\" height=\"720\" srcset=\"http:\/\/www.thucnclaser.com\/wp-content\/uploads\/2017\/09\/kinh-hoi-ttu.jpg 960w, http:\/\/www.thucnclaser.com\/wp-content\/uploads\/2017\/09\/kinh-hoi-ttu-600x450.jpg 600w, http:\/\/www.thucnclaser.com\/wp-content\/uploads\/2017\/09\/kinh-hoi-ttu-768x576.jpg 768w\" sizes=\"(max-width: 960px) 100vw, 960px\" \/> <img decoding=\"async\" loading=\"lazy\" class=\"alignnone size-medium wp-image-2077\" src=\"http:\/\/thucnclaser.com\/wp-content\/uploads\/2017\/09\/kinh-hoi-tu.jpg\" alt=\"\" width=\"960\" height=\"720\" srcset=\"http:\/\/www.thucnclaser.com\/wp-content\/uploads\/2017\/09\/kinh-hoi-tu.jpg 960w, http:\/\/www.thucnclaser.com\/wp-content\/uploads\/2017\/09\/kinh-hoi-tu-600x450.jpg 600w, http:\/\/www.thucnclaser.com\/wp-content\/uploads\/2017\/09\/kinh-hoi-tu-768x576.jpg 768w\" sizes=\"(max-width: 960px) 100vw, 960px\" \/><img decoding=\"async\" loading=\"lazy\" class=\"alignnone size-full wp-image-1842\" src=\"http:\/\/thucnclaser.com\/wp-content\/uploads\/2017\/09\/Kinh-hoi-tu-8.jpg\" alt=\"\" width=\"960\" height=\"720\" \/><\/h1>\n","protected":false},"excerpt":{"rendered":"<p>B\u1ea1n b\u0103ng kho\u0103n v\u00e0 t\u00ecm gi\u1ea3i ph\u00e1p an ninh \u0111\u01a1n gi\u1ea3n d\u1ec5 s\u1eed d\u1ee5ng<\/p>\n<p>B\u1ea1n mong mu\u1ed1n m\u1ed9t thi\u1ebft b\u1ecb \u0111\u01a1n gi\u1ea3n, thi c\u00f4ng trong 1 ph\u00fat v\u1edbi chi ph\u00ed th\u1ea5p nh\u1ea5t<\/p>\n<p>Kh\u00f4ng c\u1ea7n k\u1ebft n\u1ed1i v\u1edbi b\u1ea5t k\u1ef3 thi\u1ebft b\u1ecb n\u00e0o, s\u1ea3n ph\u1ea9m ho\u1ea1t \u0111\u1ed9ng \u0111\u1ed9c l\u1eadp v\u00e0 d\u00f9ng pin<\/p>\n<p>Ti\u1ebfng reo ch\u00f3i tai v\u00e0 c\u01b0\u1eddng \u0111\u1ed9 \u00e2m thanh b\u00e1o \u0111\u1ed9ng l\u00ean \u0111\u1ebfn 90dB<\/p>\n","protected":false},"featured_media":2077,"comment_status":"open","ping_status":"closed","template":"","meta":[],"product_cat":[39],"product_tag":[],"_links":{"self":[{"href":"http:\/\/www.thucnclaser.com\/index.php?rest_route=\/wp\/v2\/product\/1074"}],"collection":[{"href":"http:\/\/www.thucnclaser.com\/index.php?rest_route=\/wp\/v2\/product"}],"about":[{"href":"http:\/\/www.thucnclaser.com\/index.php?rest_route=\/wp\/v2\/types\/product"}],"replies":[{"embeddable":true,"href":"http:\/\/www.thucnclaser.com\/index.php?rest_route=%2Fwp%2Fv2%2Fcomments&post=1074"}],"wp:featuredmedia":[{"embeddable":true,"href":"http:\/\/www.thucnclaser.com\/index.php?rest_route=\/wp\/v2\/media\/2077"}],"wp:attachment":[{"href":"http:\/\/www.thucnclaser.com\/index.php?rest_route=%2Fwp%2Fv2%2Fmedia&parent=1074"}],"wp:term":[{"taxonomy":"product_cat","embeddable":true,"href":"http:\/\/www.thucnclaser.com\/index.php?rest_route=%2Fwp%2Fv2%2Fproduct_cat&post=1074"},{"taxonomy":"product_tag","embeddable":true,"href":"http:\/\/www.thucnclaser.com\/index.php?rest_route=%2Fwp%2Fv2%2Fproduct_tag&post=1074"}],"curies":[{"name":"wp","href":"https:\/\/api.w.org\/{rel}","templated":true}]}}